e the prime factors of b?
2, 7
Suppose 3*c + 6 = 2*i - c, c - 6 = -i. Suppose -3*x + 84 + 28 = 2*w, -2*w = i*x - 116. Suppose -3*q = -w + 20. List the prime factors of q.
11
Suppose 5*z = 3*i - 1, -5*i = -4*i + z - 3. Let h = i - -10. Suppose -4*m - h = 0, -2*x + 4*m + 42 = x. What are the prime factors of x?
2, 5
Suppose 0 = 7*a - 12*a + 1045. What are the prime factors of a?
11, 19
Suppose -a - 7 + 3 = 0. List the prime factors of (-190)/(-20) - 2/a.
2, 5
Suppose -2*h - u - 69 = 0, 0*h - 79 = 2*h + 3*u. What are the prime factors of 12/36 + h/(-3)?
11
Let r be 5 - ((2 - 5) + 6). List the prime factors of 2*(31/r + -2).
3
Let t(k) = k**3 - 2*k**2 + 1. Let s be t(1). What are the prime factors of 6/(-2) + s - -26?
23
Let h(k) = 4 + 5*k**2 - 2 - 3 + 3*k + k**3. Let s be h(-4). Suppose 3*o = 24 - s. List the prime factors of o.
7
Suppose -3*r + 8 + 25 = 0. Let z = 23 - r. What are the prime factors of z?
2, 3
Suppose 0 = z + 3*l - 197, -2*l + 521 = 3*z - 7*l. What are the prime factors of z?
2, 7, 13
Suppose -4*c + 0*c = -32. Suppose -4*u = -6*u + 4. Let j = c + u. What are the prime factors of j?
2, 5
Let w(k) = -3 + k + 5 - 3 - 9*k**3 - 2*k. List the prime factors of w(-1).
3
Suppose 0 = t + 4*t. Suppose -22 = -a - 4*n, t*a + a + n = 31. List the prime factors of a.
2, 17
Suppose -2*q - 40 = -120. List the prime factors of q.
2, 5
Let z(m) = -m**3 + 7*m**2 + 10. Let a be z(7). Let p(j) = -j**2 + 12*j + 1. List the prime factors of p(a).
3, 7
Suppose 18 = z + 3*s, -2*z = 2*z - 3*s - 117. List the prime factors of z.
3
Let t(g) = -g - 4. Let d be t(5). Let c = d + 13. Suppose 48 = c*w + 2*u, w = 4*u - u + 12. List the prime factors of w.
2, 3
Suppose -2*c = 2*i + 10, -2*i + 6*i = 3*c - 48. Let x(p) = -p**2 - 9*p + 6. List the prime factors of x(i).
2, 3
Let h = -132 - -220. What are the prime factors of h?
2, 11
Suppose -4*o + 27 = 7. Let h be (27/18)/((-3)/(-38)). Suppose o*p + h = 54. List the prime factors of p.
7
Let y be (2 + 2 - 1) + -1. Suppose -v + 3 + 2 = 0. Suppose -v + 18 = f + 3*o, -26 = -y*f + 5*o. List the prime factors of f.
13
List the prime factors of 97/(28/12 - 2) - -1.
2, 73
Let z(g) = g**3 + 23*g**2 + 23*g - 13. List the prime factors of z(-21).
2, 193
Suppose 4*h + h - 65 = 0. Suppose -4*q + 19 = -h. List the prime factors of q.
2
Suppose a + 29 = -v, 38 = -2*v + 8*a - 6*a. Let s = v - -45. List the prime factors of s.
3, 7
Let d(t) = -t**3 + 8*t**2 + 8*t + 8. Let g(c) = c**3 + 7*c**2 - 8*c + 9. Let q be g(-8). Let k be d(q). What are the prime factors of (-12)/(-5)*(k + 6)?
2, 3
Let f be (9/12)/(1/(-4)). Let r = -11 - -20. Let p = f + r. List the prime factors of p.
2, 3
Suppose 30 = -5*l - 10. Let v(q) = q**2 + 7*q + 6. Let r be v(l). Suppose 3*m + 3*b = 6, -3*m - 2*b + r = -3*b. List the prime factors of m.
2
Let c(k) be the third derivative of k**6/120 - 11*k**5/60 - k**4/3 - k**3 - 2*k**2. What are the prime factors of c(12)?
2, 3, 7
Let l = -12 - -4. Let y = 8 + l. Suppose -2*p + 4*z + 14 = -2, y = 4*p + 4*z - 56. List the prime factors of p.
2, 3
Let y = 1 - -1. Let n(q) = 8*q**2 - 2. Let k be n(y). Suppose 0*c = -5*c + k. What are the prime factors of c?
2, 3
Suppose 5*p = 5*o - 3*o + 49, p = -5*o + 26. Suppose -4*k = d - 11, 2*d - 1 = -3*k + p. Suppose 0 = -d*w + 43 - 16. What are the prime factors of w?
3
Let t(w) be the third derivative of -w**4/6 - 2*w**3/3 - 4*w**2. Suppose -1 = -3*n - 3*y + 5*y, -10 = 2*y. What are the prime factors of t(n)?
2
Let p(u) = 4*u - 5*u + 0*u + 10. List the prime factors of p(0).
2, 5
Let m be (-96)/7 + (-2)/7. Let x = m - -34. What are the prime factors of x?
2, 5
Suppose 0 = -7*a + 59 - 3. List the prime factors of a.
2
Suppose -z + 5 = -5. Suppose z + 14 = 2*g. What are the prime factors of g?
2, 3
Let d be 5/(-2)*-3*2. Suppose -1 = p - 7. Let f = d - p. List the prime factors of f.
3
Let x be (2/(-3))/((-2)/12). Suppose f = -x*l - 49, -4*f + 0*f - 144 = 3*l. What are the prime factors of 2/5 - f/5?
7
Suppose 2*m + 6 = 0, -2*m - 8 + 2 = -3*u. List the prime factors of 43 + u - (-3 - -2).
2, 11
Suppose v + 4*q - 24 = -2*v, 5*q - 35 = -5*v. What are the prime factors of (3 - 46/v)*-4?
2, 17
Suppose -4*p = 4*z - 67 - 9, 4*z = p + 51. List the prime factors of z.
2, 7
What are the prime factors of (3 + 2)*(9 - -22)?
5, 31
Let k(f) = f - 7. Let u be k(7). Suppose l + p + 21 = u, l = 2*p - 7 - 17. List the prime factors of (-1)/(0 + 2/l).
11
Suppose 4*j - 2 = -3*s + 2*s, -3*s + 6 = j. Suppose j = -2*a + 7*a. Suppose a*x = -4*x + 24. List the prime factors of x.
2, 3
Let z = 25 - 17. Suppose 2*x - 4 - 35 = -l, z = -x + 5*l. What are the prime factors of x?
17
Let c = 1 - -1. Suppose -15 = -4*n + r, -n - 4*r = c*n - 16. List the prime factors of n.
2
Suppose -i = d - 13, 0*i + 2*i - 3*d = 11. List the prime factors of i.
2, 5
Let m(k) = -k**3 - 9*k**2 - 9*k + 5. Let z = 7 - 15. List the prime factors of m(z).
13
Let x be -2*(0 + (-15)/6). Let n be (x/2)/(1/6). List the prime factors of n/(-2)*72/(-30).
2, 3
Let g = 332 + -229. List the prime factors of g.
103
Let a = 8 + -13. Let m(w) = w**3 + 5*w**2 - 3*w - 1. List the prime factors of m(a).
2, 7
Suppose -m + 3*f + 35 = 0, 2*m - 5*f - 175 = -3*m. What are the prime factors of m?
5, 7
Let q = 26 + 3. What are the prime factors of q?
29
Let s(a) = -a**3 + 6*a**2 - 3*a - 7. Let i be s(5). Suppose 0 = -2*m + 13 - i. What are the prime factors of m?
5
List the prime factors of -4 + (-204)/9*-9.
2, 5
Let l be 0/(1*(-3)/(-3)). Suppose l*m = -m + 8. List the prime factors of m.
2
What are the prime factors of 12/6 + 65/1?
67
Suppose -192 = -5*v + x, -3*v + 104 = x + 4*x. List the prime factors of v.
2, 19
Suppose -3*p - 1 = -2*p. Let u(k) be the first derivative of -9*k**2/2 - 1. List the prime factors of u(p).
3
Suppose -2*k + k + 2*a + 19 = 0, 0 = k - a - 24. List the prime factors of k.
29
Suppose 8 = 3*k - 4*r - 4, 16 = 4*k - 3*r. Suppose k*i - 11 = 13. What are the prime factors of i?
2, 3
Let u = -1 + 5. What are the prime factors of (1 + 6/u)*4?
2, 5
Suppose -2*f + 15*o - 10*o + 62 = 0, 5*o - 20 = 0. What are the prime factors of f?
41
Suppose -48 = -2*a - a. Let y = 35 - a. List the prime factors of y.
19
Let x(f) = 2*f**3 - 5*f**2 + 100. Let p(v) = 3*v**3 - 8*v**2 + 150. Let u(l) = -5*p(l) + 8*x(l). Let b be u(0). What are the prime factors of 1*6*b/15?
2, 5
Let k be 36 + -35 + (-1 - -3)*-1. Suppose -3*g - 24 = -6*g. What are the prime factors of 14/g + k/(-4)?
2
Suppose 0*r + r = 10. Let v be 2/(-8)*-26*r. Suppose 3*z = -2*z + v. List the prime factors of z.
13
Suppose 3*r - 4*r + 5 = 5*h, r + 5 = 0. Suppose 3*l - h*x + 10 = -5, 20 = -4*l - 3*x. Let j = 1 - l. What are the prime factors of j?
2, 3
Suppose 2*j - 22 = -4*s, j = -2*j - 3. List the prime factors of s.
2, 3
Suppose -5*z - 3*r = -96, -z + r + 10 = -3*r. List the prime factors of z.
2, 3
Let v = 171 + -52. What are the prime factors of v?
7, 17
Let q(b) = -3*b + 1. Suppose -12 = 4*p - 0. What are the prime factors of q(p)?
2, 5
Suppose -3*w + 70 = 5*r, 4*w = -5*r + 6*w + 70. Suppose -5*m = -u + r, 3*u + 0 = -5*m + 2. What are the prime factors of (-1)/m + (-10)/(-4)?
3
Suppose 2*f - 16 = 4*b, 8 = 5*f + b - 10. Suppose f*k - 6*k = -16. List the prime factors of k.
2
Let i(c) = 2*c**3 - 3*c**2 - c + 2. Let v be i(2). Suppose v*q + 47 = 111. List the prime factors of q.
2
Let k = 4 - -1. Suppose 0 = -5*o + k*s - 15, -4*o + 3*s - 11 = -0*o. What are the prime factors of ((-4)/(-10))/(o/(-80))?
2
Let s(z) = -z**2 - 13*z + 6. What are the prime factors of s(-11)?
2, 7
Let p be (-20)/(6/9*-1). Let w be (-18)/5 + (-12)/p. What are the prime factors of (-2)/4 - 22/w?
5
Suppose 3 = r + 1. Let f = 3 + 2. Suppose -46 = -f*q - r*g + 36, 3*q = -2*g + 46. List the prime factors of q.
2, 3
Suppose -4*d + 0*d = -20. Suppose 8 = d*l - 2. Suppose v - 2*u = 11, 2*v - 16 - 6 = -l*u. What are the prime factors of v?
11
Let y(h) = h**2 - h + 0 - 2 - 4 + 0. What are the prime factors of y(-5)?
2, 3
Let p = -6 + 6. Suppose p*b + 20 = 2*b. List the prime factors of b.
2, 5
Suppose 0 = -f - 4*j + 8, -2*f + 2*j = -0*j + 14. Let b be -8 - (1 + f/2). Let z = 1 - b. What are the prime factors of z?
2
Let d(p) = -11*p - 3. Let m be 5*(1 - (-28)/(-20)). What are the prime factors of d(m)?
19
Suppose 2*